mine o(1).
-18
Let c(k) = 100*k**2 - k + 2. What is c(1)?
101
Let s(k) = -7*k - 57. What is s(-8)?
-1
Let c(i) = -2*i - 2. Determine c(-7).
12
Let n(l) = l**3 + 8*l**2 + 2*l + 1. Determine n(-8).
-15
Let q(y) = -2*y + 40. Calculate q(18).
4
Let v(a) = -a**3 + 17*a**2 - 14*a - 22. What is v(16)?
10
Let f(x) = x**3 + 5*x**2 - 23*x + 7. Determine f(-8).
-1
Let v(z) = -51*z**3 + 2*z + 1. What is v(-1)?
50
Let w(l) = -l**2 - 13*l - 25. Determine w(-10).
5
Let a(y) = -3*y**3 + 11*y**2 - 8*y + 9. Give a(3).
3
Let k(m) = 28*m + 3. Give k(1).
31
Let i(v) = 58*v**3 + 1. Determine i(-1).
-57
Let u(s) = 9*s**3 - s**2 + s - 1. What is u(1)?
8
Let p(k) = -k**2 - 33*k - 231. What is p(-19)?
35
Let d(t) = -t**3 - 3*t**2 + 40*t. Determine d(-8).
0
Let r(j) = j**2 + j - 5. Determine r(-5).
15
Let x(q) = -2*q**2 - 9*q - 4. What is x(-6)?
-22
Let j(l) = l**3 + 7*l**2 + 6*l + 5. Give j(-6).
5
Let l(f) = 10*f**2 - 60*f + 8. What is l(6)?
8
Let z(p) = p**2 + 8*p - 6. Determine z(-7).
-13
Let h(z) = z + 2. Calculate h(-3).
-1
Let y(b) = -22*b - 130. Calculate y(-6).
2
Let s(a) = -a**3 + 7*a**2 - 7*a + 5. Give s(6).
-1
Let d(x) = -3*x - 6. Determine d(5).
-21
Let t(r) = r - 3. Calculate t(10).
7
Let p(z) = 2*z**3 - 25*z**2 - 15*z + 24. Determine p(13).
-2
Let n(s) = 2*s**3 - 14*s**2 + 23*s + 2. Determine n(2).
8
Let m(a) = -a**2 + 12*a + 27. Calculate m(14).
-1
Let q(o) = 3*o**3 - 15*o**2 - 1. Give q(5).
-1
Let c(a) = -11*a**3 + a**2. What is c(1)?
-10
Let m(i) = i**3 + 9*i**2 - 35*i - 7. Determine m(-12).
-19
Let a(t) = -t - 9. Determine a(-5).
-4
Let g(o) = o**3 - 4*o**2 - 3*o + 3. What is g(3)?
-15
Let t(s) = -8*s**3 - s**2. What is t(-1)?
7
Let l(k) = k**3 + 2*k**2 - 27*k - 6. Determine l(-6).
12
Let w(q) = q**3 + 5*q**2 - 5*q - 11. Calculate w(-5).
14
Let h(p) = 8*p - 39. Calculate h(7).
17
Let f(u) = -6*u**2 - 11*u - 2. Calculate f(-2).
-4
Let t(c) = c**3 + 23*c**2 + 2*c + 32. Determine t(-23).
-14
Let r(w) = 9*w + 63. What is r(-6)?
9
Let r(c) = 19*c + 103. Determine r(-4).
27
Let k(a) = -a + 5. Give k(-7).
12
Let w(y) = -y**2 - 5*y + 74. Determine w(6).
8
Let n(o) = o**3 - 9*o**2 - 11*o + 14. Give n(10).
4
Let b(v) = -v**2 + v + 6. Determine b(0).
6
Let a(h) = 4*h + 19. What is a(0)?
19
Let k(p) = -23*p + 168. What is k(7)?
7
Let s(a) = -3*a - 5. Determine s(-5).
10
Let z(d) = -6*d - 11. Give z(-8).
37
Let z(r) = r**2 - 34*r + 231. What is z(10)?
-9
Let d(a) = a**3 - 4*a**2 - 6. What is d(5)?
19
Let c(f) = 4*f**2 + 5*f + 25. Calculate c(-5).
100
Let u(y) = 6*y + 49. Give u(27).
211
Let r(c) = -c**3 - 14*c**2 + c + 16. What is r(-14)?
2
Let b(u) = -u**3 + 8*u**2 + 3*u - 1. Calculate b(8).
23
Let i(t) = -3*t - 11. Give i(-8).
13
Let i(n) = n**2 - 9*n - 6. Calculate i(7).
-20
Let r(h) = 5*h**2 + 3*h + 1. What is r(-1)?
3
Let u(h) = h**3 + 15*h**2 + 19*h + 14. Determine u(-14).
-56
Let t(b) = -b**3 + 26*b**2 + 57*b - 5. Calculate t(28).
23
Let k(m) = 2*m**2 + 2*m - 2. Give k(-2).
2
Let h(j) = 12*j + 15. Determine h(4).
63
Let f(b) = b**3 + 6*b**2 - 4*b + 13. Calculate f(-7).
-8
Let c(y) = -2*y**2 + 20*y + 9. Calculate c(10).
9
Let u(w) = -3*w**2 - 12*w + 12. Determine u(-9).
-123
Let m(g) = g**3 + g**2 + g + 26. What is m(0)?
26
Let y(k) = 4*k + 10. Calculate y(-4).
-6
Let b(k) = 3*k**2 + 38*k + 71. Calculate b(-2).
7
Let x(j) = -j + 4. Determine x(10).
-6
Let q(w) = -2*w**3 - 16*w**2 + 22*w + 27. Determine q(-9).
-9
Let t(m) = -m**2 + 25*m - 62. What is t(26)?
-88
Let o(w) = -3*w + 50. Calculate o(7).
29
Let o(q) = -q**3 - 11*q**2 - q - 15. Give o(-11).
-4
Let i(v) = 4*v - 26. What is i(8)?
6
Let n(f) = -f**2 + 4*f + 15. Give n(5).
10
Let p(n) = -2*n**2 - 2. Determine p(3).
-20
Let a(v) = -4*v**2 - v + 4. Determine a(-2).
-10
Let h(v) = v**2 + 8*v + 19. What is h(-8)?
19
Let r(n) = n**3 + 13*n**2 + 30*n + 6. Calculate r(-10).
6
Let n(p) = p - 18. Calculate n(0).
-18
Let x(n) = -5*n**2 - 9*n - 8. Calculate x(-1).
-4
Let t(n) = 47*n - 164. What is t(3)?
-23
Let q(i) = i**3 - 6*i**2 + 8*i - 27. Calculate q(5).
-12
Let t(z) = -z - 20. What is t(-12)?
-8
Let o(d) = 2*d - 27. Calculate o(17).
7
Let h(g) = -g**3 + 14*g**2 + 2*g - 2. Calculate h(14).
26
Let t(p) = -54*p**2 - p. Determine t(1).
-55
Let t(x) = -x**3 - 17*x**2 - 13*x + 15. What is t(-16)?
-33
Let i(s) = -s**2 - 16*s - 28. Give i(-12).
20
Let f(x) = x**2 + 26*x - 61. Give f(-28).
-5
Let m(u) = 2*u + 3. Determine m(5).
13
Let c(i) = 2*i + 13. Determine c(-5).
3
Let k(l) = -9*l - 2. What is k(4)?
-38
Let b(m) = 2*m**2 - 3*m - 2. Give b(3).
7
Let f(c) = -c**2 - 8*c + 4. Calculate f(-9).
-5
Let b(k) = -k**3 - 14*k**2 + 11*k - 78. Give b(-15).
-18
Let z(u) = 5*u**3 - 4*u**2 + 6*u - 1. Determine z(1).
6
Let p(m) = -m**2 - 12*m - 17. Determine p(-10).
3
Let c(w) = -3*w**2 + w - 3. Calculate c(-3).
-33
Let i(y) = 34*y - 22. Determine i(4).
114
Let g(z) = z**3 + 4*z**2 - 4*z - 17. Determine g(-4).
-1
Let v(u) = -11*u**2 + 220*u + 9. Determine v(20).
9
Let f(n) = -91*n + 4. Calculate f(1).
-87
Let d(q) = -q**3 + 7*q**2 - 3*q + 20. Determine d(7).
-1
Let f(u) = u**2 - 5*u + 5. Calculate f(3).
-1
Let j(g) = -2*g - 9. Calculate j(-8).
7
Let a(m) = -m**2 + 25*m + 38. Give a(26).
12
Let k(g) = -g + 7. Calculate k(7).
0
Let r(k) = 32*k - 127. Give r(4).
1
Let q(f) = f**3 + 20*f**2 - 19*f + 50. Calculate q(-21).
8
Let d(i) = -i**2 + 20*i + 96. Calculate d(24).
0
Let q(g) = g**3 + 11*g**2 + 29*g - 12. Determine q(-6).
-6
Let i(g) = 2*g**3 + 2*g**2 - 8*g. What is i(-4)?
-64
Let a(y) = -2*y + 22. Give a(7).
8
Let a(v) = v**2 - 11*v - 15. Calculate a(11).
-15
Let g(p) = -5*p - 208. Determine g(-44).
12
Let r(l) = -l**3 + 4*l**2 + 11*l - 2. Calculate r(5).
28
Let d(i) = i + 3. Determine d(-6).
-3
Let n(r) = 2*r + 2. Give n(-4).
-6
Let z(q) = 6*q + 4. Calculate z(-3).
-14
Let j(q) = q**2 - 14*q - 37. Determine j(16).
-5
Let c(t) = 3*t**2 + 4*t - 19. Calculate c(4).
45
Let h(z) = -4*z**2 + 4*z - 3. Determine h(1).
-3
Let m(h) = 6*h - 28. Determine m(1).
-22
Let v(p) = p**2 - 43*p + 43. Give v(42).
1
Let n(h) = -17*h - 67. Determine n(-5).
18
Let o(r) = -r**2 + 4*r + 3. What is o(4)?
3
Let z(m) = 19*m + 294. Calculate z(-16).
-10
Let i(g) = g - 7. What is i(29)?
22
Let z(n) = 2*n**2 + n - 15. Give z(3).
6
Let l(d) = -d**3 + 4*d**2 - d - 5. Calculate l(0).
-5
Let x(r) = -r**2 + 16*r + 2. Determine x(13).
41
Let c(z) = -5*z**3 - 5*z**2 + 3*z. Calculate c(1).
-7
Let t(v) = v**2 - 11*v - 15. Give t(10).
-25
Let h(u) = -u**3 + 4*u**2 + 4*u - 9. Determine h(5).
-14
Let r(f) = -f**3 - 24*f**2 - 24*f + 19. What is r(-23)?
42
Let w(b) = b**3 + 8*b**2 - 8*b + 18. Calculate w(-9).
9
Let g(j) = -j**3 + 6*j**2 - 7*j + 5. Calculate g(5).
-5
Let r(h) = -h**2 + h + 12. Calculate r(6).
-18
Let o(l) = -2*l**2 - 17*l - 26. Calculate o(-5).
9
Let h(n) = -n**2 + 9*n + 26. What is h(11)?
4
Let y(z) = 16*z + 159. Give y(-10).
-1
Let t(l) = 9*l**2 + 32*l + 13. What is t(-4)?
29
Let d(y) = -22*y**3 - y**2 + y + 1. What is d(-1)?
21
Let f(o) = -o - 26. Calculate f(-7).
-19
Let m(q) = -q**3 - 4*q**2 - q + 2. Calculate m(-5).
32
Let x(h) = -h**3 - 16*h**2 - 29*h - 11. Determine x(-14).
3
Let u(y) = y + 2. What is u(-1)?
1
Let j(m) = 5*m**2 - 27*m + 6. Give j(5).
-4
Let x(s) = -21*s - 1. Give x(1).
-22
Let q(m) = -m**2 + 7*m + 5. Determine q(6).
11
Let v(c) = c**3 + 10*c**2 - c + 11. Determine v(-10).
21
Let v(o) = o**2 - 41*o - 4. Give v(41).
-4
Let o(z) = -181*z + 1445. What is o(8)?
-3
Let k(n) = 4*n**2 - n + 4. Determine k(2).
18
Let g(a) = -4*a**2 + 2*a - 25. Calculate g(0).
-25
Let u(r) = -r**2 - 14*r - 17. Calculate u(-12).
7
Let b(c) = c**3 + 5*c**2 + 11*c + 53. Give b(-5).
-2
Let t(g) = -13*g**2 + 2*g - 23. Calculate t(4).
-223
Let g(d) = -9*d - 15. Determine g(-2).
3
Let q(c) = -c**3 + 15*c**2 - 3*c + 12. Determine q(15).
-33
Let o(h) = -h - 10. Calculate o(-15).
5
Let l(m) = m**3 - 2*m**2 + 3*m - 6. Calculate l(0).
-6
Let c(m) = m**2 - 25*m + 20. Determine c(23).
-26
Let f(w) = -w - 45. Calculate f(-31).
-14
Let j(l) = -2*l - 12. Determine j(-7).
2
Let z(f) = -f**2 + 6*f + 5. Determine z(6).
5
Let y(r) = 37*r + 355. Calculate y(-10).
-15
Let d(c) = 3*c + 47. Calculate d(-14).
5
Let x(c) = c**2 + 13*c - 6. What is x(-5)?
-46
Let h(r) = r**3 - 48*r**2 + 48*r - 56. Give h(47).
-9
Let z(a) = a - 26. What is z(27)?
1
Let z(h) = 2*h**2 + 17*h - 2. Giv